{"id":138,"date":"2021-09-09T09:12:04","date_gmt":"2021-09-09T09:12:04","guid":{"rendered":"https:\/\/stage.tietojakone.com\/?page_id=138"},"modified":"2021-09-14T08:08:54","modified_gmt":"2021-09-14T08:08:54","slug":"rakennuspiirustukset","status":"publish","type":"page","link":"https:\/\/tietojakone.com\/?page_id=138","title":{"rendered":"Rakennuspiirustukset"},"content":{"rendered":"\n<div class=\"wp-block-columns is-layout-flex wp-container-core-columns-is-layout-9d6595d7 wp-block-columns-is-layout-flex\">\n<div class=\"wp-block-column is-layout-flow wp-block-column-is-layout-flow\">\n<p class=\"has-vivid-cyan-blue-color has-text-color has-medium-font-size\"><strong>Rakennuspiirustukset<\/strong><\/p>\n\n\n\n<p class=\"has-text-align-left\">Kopioimme, skannaamme ja tulostamme sek\u00e4 yksitt\u00e4iset, ett\u00e4 suuremmat er\u00e4t rakennuspiirustuksia nopealla aikataululla.<\/p>\n\n\n\n<p>Rakennuspiirustuksen kopiointi\u00a0<strong>10,00\u20ac<\/strong> sis. alv<\/p>\n\n\n\n<p>Suuremmissa eriss\u00e4 ota yhteytt\u00e4 ja kysy sopimushinnat!<\/p>\n<\/div>\n\n\n\n<div class=\"wp-block-column is-layout-flow wp-block-column-is-layout-flow\">\n<figure class=\"wp-block-image size-large\"><img loading=\"lazy\" decoding=\"async\" width=\"1024\" height=\"531\" src=\"https:\/\/tietojakone.com\/wp-content\/uploads\/2021\/09\/rakennuspiir-1-1024x531.jpg\" alt=\"\" class=\"wp-image-133\" srcset=\"https:\/\/tietojakone.com\/wp-content\/uploads\/2021\/09\/rakennuspiir-1-1024x531.jpg 1024w, https:\/\/tietojakone.com\/wp-content\/uploads\/2021\/09\/rakennuspiir-1-scaled-600x311.jpg 600w, https:\/\/tietojakone.com\/wp-content\/uploads\/2021\/09\/rakennuspiir-1-300x156.jpg 300w, https:\/\/tietojakone.com\/wp-content\/uploads\/2021\/09\/rakennuspiir-1-768x398.jpg 768w, https:\/\/tietojakone.com\/wp-content\/uploads\/2021\/09\/rakennuspiir-1-1536x797.jpg 1536w, https:\/\/tietojakone.com\/wp-content\/uploads\/2021\/09\/rakennuspiir-1-2048x1063.jpg 2048w\" sizes=\"auto, (max-width: 1024px) 100vw, 1024px\" \/><\/figure>\n<\/div>\n<\/div>\n","protected":false},"excerpt":{"rendered":"<p>Rakennuspiirustukset Kopioimme, skannaamme ja tulostamme sek\u00e4 yksitt\u00e4iset, ett\u00e4 suuremmat er\u00e4t rakennuspiirustuksia nopealla aikataululla. Rakennuspiirustuksen kopiointi\u00a010,00\u20ac sis. alv Suuremmissa eriss\u00e4 ota yhteytt\u00e4 ja kysy sopimushinnat!<\/p>\n","protected":false},"author":1,"featured_media":0,"parent":0,"menu_order":0,"comment_status":"closed","ping_status":"closed","template":"","meta":{"qubely_global_settings":"","qubely_interactions":"","footnotes":""},"class_list":["post-138","page","type-page","status-publish","hentry"],"_links":{"self":[{"href":"https:\/\/tietojakone.com\/index.php?rest_route=\/wp\/v2\/pages\/138","targetHints":{"allow":["GET"]}}],"collection":[{"href":"https:\/\/tietojakone.com\/index.php?rest_route=\/wp\/v2\/pages"}],"about":[{"href":"https:\/\/tietojakone.com\/index.php?rest_route=\/wp\/v2\/types\/page"}],"author":[{"embeddable":true,"href":"https:\/\/tietojakone.com\/index.php?rest_route=\/wp\/v2\/users\/1"}],"replies":[{"embeddable":true,"href":"https:\/\/tietojakone.com\/index.php?rest_route=%2Fwp%2Fv2%2Fcomments&post=138"}],"version-history":[{"count":2,"href":"https:\/\/tietojakone.com\/index.php?rest_route=\/wp\/v2\/pages\/138\/revisions"}],"predecessor-version":[{"id":289,"href":"https:\/\/tietojakone.com\/index.php?rest_route=\/wp\/v2\/pages\/138\/revisions\/289"}],"wp:attachment":[{"href":"https:\/\/tietojakone.com\/index.php?rest_route=%2Fwp%2Fv2%2Fmedia&parent=138"}],"curies":[{"name":"wp","href":"https:\/\/api.w.org\/{rel}","templated":true}]}}