{"id":71,"date":"2021-09-09T06:18:41","date_gmt":"2021-09-09T06:18:41","guid":{"rendered":"https:\/\/stage.tietojakone.com\/?page_id=71"},"modified":"2021-09-24T11:21:41","modified_gmt":"2021-09-24T11:21:41","slug":"toimistotarvikkeet","status":"publish","type":"page","link":"https:\/\/tietojakone.com\/?page_id=71","title":{"rendered":"Toimistotarvikkeet"},"content":{"rendered":"\n<div class=\"wp-block-columns is-layout-flex wp-container-core-columns-is-layout-9d6595d7 wp-block-columns-is-layout-flex\">\n<div class=\"wp-block-column is-layout-flow wp-block-column-is-layout-flow\" style=\"flex-basis:100%\">\n<div class=\"wp-block-columns is-layout-flex wp-container-core-columns-is-layout-9d6595d7 wp-block-columns-is-layout-flex\">\n<div class=\"wp-block-column is-layout-flow wp-block-column-is-layout-flow\">\n<p class=\"has-vivid-cyan-blue-color has-text-color has-medium-font-size\"><strong>Toimistotarvikkeet<\/strong><\/p>\n\n\n\n<p>Valikoimassa on yli 15 000 tuotetta, joten l\u00f6yd\u00e4t kaikki tarpeesi, vaatimuksesi ja toiveesi t\u00e4ytt\u00e4v\u00e4t tuotteet<\/p>\n\n\n\n<p>Ota yhteytt\u00e4 ja pyyd\u00e4 tunnukset verkkokauppaan.<br>Toimistotarvike-verkkokauppaan p\u00e4\u00e4set t\u00e4st\u00e4:\u00a0<a href=\"http:\/\/savoprint.easyorder.eu\/\" target=\"_blank\" rel=\"noreferrer noopener\">savoprint.easyorder.eu<\/a><\/p>\n<\/div>\n\n\n\n<div class=\"wp-block-column is-layout-flow wp-block-column-is-layout-flow\">\n<figure class=\"wp-block-image size-large\"><img loading=\"lazy\" decoding=\"async\" width=\"1024\" height=\"681\" src=\"https:\/\/tietojakone.com\/wp-content\/uploads\/2021\/09\/ruler-2099742_1280-1024x681.jpg\" alt=\"\" class=\"wp-image-72\" srcset=\"https:\/\/tietojakone.com\/wp-content\/uploads\/2021\/09\/ruler-2099742_1280-1024x681.jpg 1024w, https:\/\/tietojakone.com\/wp-content\/uploads\/2021\/09\/ruler-2099742_1280-600x399.jpg 600w, https:\/\/tietojakone.com\/wp-content\/uploads\/2021\/09\/ruler-2099742_1280-300x199.jpg 300w, https:\/\/tietojakone.com\/wp-content\/uploads\/2021\/09\/ruler-2099742_1280-768x511.jpg 768w, https:\/\/tietojakone.com\/wp-content\/uploads\/2021\/09\/ruler-2099742_1280.jpg 1280w\" sizes=\"auto, (max-width: 1024px) 100vw, 1024px\" \/><\/figure>\n<\/div>\n<\/div>\n<\/div>\n<\/div>\n","protected":false},"excerpt":{"rendered":"<p>Toimistotarvikkeet Valikoimassa on yli 15 000 tuotetta, joten l\u00f6yd\u00e4t kaikki tarpeesi, vaatimuksesi ja toiveesi t\u00e4ytt\u00e4v\u00e4t tuotteet Ota yhteytt\u00e4 ja pyyd\u00e4 tunnukset verkkokauppaan.Toimistotarvike-verkkokauppaan p\u00e4\u00e4set t\u00e4st\u00e4:\u00a0savoprint.easyorder.eu<\/p>\n","protected":false},"author":1,"featured_media":0,"parent":0,"menu_order":0,"comment_status":"closed","ping_status":"closed","template":"","meta":{"qubely_global_settings":"","qubely_interactions":"","footnotes":""},"class_list":["post-71","page","type-page","status-publish","hentry"],"_links":{"self":[{"href":"https:\/\/tietojakone.com\/index.php?rest_route=\/wp\/v2\/pages\/71","targetHints":{"allow":["GET"]}}],"collection":[{"href":"https:\/\/tietojakone.com\/index.php?rest_route=\/wp\/v2\/pages"}],"about":[{"href":"https:\/\/tietojakone.com\/index.php?rest_route=\/wp\/v2\/types\/page"}],"author":[{"embeddable":true,"href":"https:\/\/tietojakone.com\/index.php?rest_route=\/wp\/v2\/users\/1"}],"replies":[{"embeddable":true,"href":"https:\/\/tietojakone.com\/index.php?rest_route=%2Fwp%2Fv2%2Fcomments&post=71"}],"version-history":[{"count":7,"href":"https:\/\/tietojakone.com\/index.php?rest_route=\/wp\/v2\/pages\/71\/revisions"}],"predecessor-version":[{"id":329,"href":"https:\/\/tietojakone.com\/index.php?rest_route=\/wp\/v2\/pages\/71\/revisions\/329"}],"wp:attachment":[{"href":"https:\/\/tietojakone.com\/index.php?rest_route=%2Fwp%2Fv2%2Fmedia&parent=71"}],"curies":[{"name":"wp","href":"https:\/\/api.w.org\/{rel}","templated":true}]}}